he hundreds digit of p?
2
Let p(o) = 14*o**2 + 8*o - 22. Let s = -155 + 160. What is the tens digit of p(s)?
6
Suppose -13*t = -17*t - 28. Let r(b) = -2*b**3 - 7*b**2 - b - 8. What is the hundreds digit of r(t)?
3
Let j(h) = h**3 - 63*h**2 - 68*h + 250. What is the units digit of j(69)?
4
Let t = 899 - 897. Suppose 0 = -5*h + 4*h. Suppose h = t*f + 4*d - 74, 2*d + 22 = f - d. What is the tens digit of f?
3
Suppose 12*i + 230 = 5186. What is the hundreds digit of i?
4
Suppose -227*y + 132*y = -2072710. What is the thousands digit of y?
1
Suppose 0 = 4*d - 5*s - 5421 + 69, -5*s + 1338 = d. Suppose 3*o + 0*o + d = 2*u, -5*u + 2225 = -5*o. Let a = 629 + o. What is the hundreds digit of a?
1
Let l = 49 - 72. Let n be -13*13/(-169)*-1. What is the hundreds digit of (69/l - (n - 3))*205?
2
Let m(c) = c**3 + 4*c**2 - 7*c - 3. Suppose -4*y + 2*q = -10, 0 = 5*y + q + 9 - 4. Suppose -18*v + 13*v - 25 = y. What is the units digit of m(v)?
7
Suppose -132 + 148 = -4*h. Let i(n) = -11*n - 12. Let k(r) = 33*r + 35. Let u(p) = h*k(p) - 11*i(p). What is the hundreds digit of u(-15)?
1
Let l = 5 + -9. Let k(r) = 17*r + 15. Let j(g) = 9*g + 8. Let z(p) = l*k(p) + 7*j(p). What is the tens digit of z(-8)?
3
Suppose 3*p + 6 = 4*p. Let r = -96 + 94. What is the units digit of (p - -26)*(-5)/r?
0
Let g be 0/((-6)/(-15)*10). Suppose y - 6*y + 2195 = g. What is the tens digit of y?
3
Let f(a) = a**3 - 8*a**2 + 8*a - 1. Let b be (33/9)/((-1)/27*3). Let w = b + 40. What is the units digit of f(w)?
6
Let i(b) = 9*b**2 + 8*b - 5. Let y be i(6). Let r be (y - 1) + 6 + -2 + -8. Suppose -5*d = 2*a - 4*d - 362, -2*a = 3*d - r. What is the hundreds digit of a?
1
Let k = 24 - 1. Suppose 0 = -k*c + 10*c - 1443. Let i = -65 - c. What is the tens digit of i?
4
Let k = 17 - 17. What is the tens digit of -347*(-5 + 4) - k/2?
4
Let i = -246 + 114. Let y = 136 + i. Suppose -171 = -3*c - 3*w, y*c - 9*c - 4*w = -282. What is the units digit of c?
4
Suppose -3*p - q - 2810 - 558 = 0, 2*p + 2243 = -3*q. Let n = p + 2397. What is the thousands digit of n?
1
Suppose -78*l = 71*l - 154*l + 374710. What is the tens digit of l?
4
Let p(j) = j**2 - 4*j - 109. Let t be p(0). Let g = 308 + t. What is the units digit of g?
9
Suppose 4*a = -p + 5*a + 5, 0 = -3*a. Suppose 3*l - 1957 = -2*b, -4*b - l - 986 = -p*b. What is the hundreds digit of b?
9
Suppose 455*k - 790*k = -16114505. What is the tens digit of k?
0
Suppose 3*s = 4*l + 37791, 5*l = -113*s + 114*s - 12597. What is the tens digit of s?
9
Suppose 4*r = 4*o + o + 26109, -4*o + 26064 = 4*r. What is the units digit of r?
1
Let g = 799 + -225. Let o = 822 - g. What is the tens digit of o?
4
Suppose 5*a + 4*s - 3044 = 0, -4*s = a + s - 592. Suppose -36*o + 39*o - a = 0. Suppose 4*w = -3*t + 6*w + 138, 4*w - o = -4*t. What is the tens digit of t?
4
Suppose -3*z - 510 = -1401. Suppose -3*m + z = -2*m. What is the units digit of m?
7
What is the thousands digit of (-242818)/(-28) + 53/(-742)?
8
Suppose -26*l + 2*s - 378526 = -31*l, 3*l = 3*s + 227124. What is the hundreds digit of l?
7
Let u be 9482*9/(-306) - (-2)/(-17). Let o = u + 335. What is the tens digit of o?
5
Suppose -k = 5*k + 1566. Let f = -88 - k. What is the hundreds digit of f?
1
Suppose 0 = -2*v - 0*v + 14. Suppose -v*x + 58 - 23 = 0. Suppose -3*h = -3*o - x*h + 304, 0 = -4*o + 3*h + 377. What is the units digit of o?
8
Suppose 3300 = 13*u - 6112. Let o = -272 + u. What is the tens digit of o?
5
Let c = -3939 - -4045. What is the units digit of c?
6
Suppose 913*z = 994*z - 418041. What is the hundreds digit of z?
1
Let x(f) = 18*f + 13. Let m be x(-10). Let c = 101 - m. Suppose 6*k = 2*k + c. What is the tens digit of k?
6
Suppose 3*x + 22 = -5*q, -2*x - 3*q - 18 + 5 = 0. Let y be (3 - x - -1) + 2. Suppose -y*f + 51 + 29 = 4*o, 0 = -3*o + 2*f + 60. What is the units digit of o?
0
Suppose -4*c + 22 = v, 3*v + c + 79 = 178. Let u(k) = 4*k + 6. Let h be u(-7). Let r = h + v. What is the units digit of r?
2
Let h(p) = p - 329. Let f be h(-46). Let a = f + 1028. What is the units digit of a?
3
Let x(l) = 41*l - 158. What is the hundreds digit of x(25)?
8
Let g = -1034 + 1452. Suppose 417*f = g*f - 470. What is the units digit of f?
0
Suppose r = -3*l + 10440, 39*l - 52032 = -5*r + 45*l. What is the hundreds digit of r?
4
Let g(d) = -6426*d + 6463. What is the thousands digit of g(-7)?
1
What is the ten thousands digit of 49218 - (-10 + 15 + 2)?
4
Let i be (1/(-6))/(((-10)/36)/5). Suppose 4*c = i*z + 3840 - 731, 3*c - 3*z = 2331. What is the tens digit of c?
7
Suppose 0 = -12*c + 7*c + 1650. Suppose o = -5*o + c. Suppose 3*u - 4*g - 181 = -o, -u = 4*g - 58. What is the units digit of u?
6
Let u be (24/(-84))/(2/(-98)). Suppose 12*m - u*m = -666. What is the tens digit of m?
3
Suppose 2*s = 3*s + 155. Let g = s - -38. Let z = -67 - g. What is the units digit of z?
0
Let i be -7 + 16 - 6 - 3*9. What is the units digit of (-32)/i - (214/(-6) + 1)?
6
Let y(x) be the second derivative of 9*x**2 + 33*x - 4*x**2 - 53*x - 3*x**3 + x**3. What is the tens digit of y(-7)?
9
Let h(t) = 8931*t**2 + 14*t - 24. Let x be h(2). Suppose 3*i + x = 47*i. What is the units digit of i?
2
Let p = -94 - -94. Suppose 3*x + d - 34 = p, -4*x + 2*d - 56 = -9*x. What is the tens digit of x?
1
Let m = -93 - -93. Suppose 0 = 2*g - g + 5*j - 969, 4*g + j - 3838 = m. What is the hundreds digit of g?
9
Let c(l) = -l**2 - 16*l - 29. Let j be c(-13). Suppose i - 19 - j = 0. Let q = 80 + i. What is the tens digit of q?
0
Let k be 24/32 - 88/32. Let u(b) = 143*b**2 + 2*b - 4. What is the hundreds digit of u(k)?
5
Suppose 0 = 7*n - 6*n - 2. Let v(m) = 7*m**3 - m**2 + m - 2. Let y be v(n). Let z = y + -39. What is the tens digit of z?
1
Suppose 43*c + 20*c - 531853 = -70378. What is the hundreds digit of c?
3
Suppose -3*f = d - 57672, 108*d - 76903 = -4*f + 109*d. What is the hundreds digit of f?
2
Suppose -23 = s - 0*r + 3*r, 5*s + 3*r = -55. What is the tens digit of s*-10*(-1)/(-8)?
1
Suppose -14*t - 3*t - 219672 = -41*t. What is the tens digit of t?
5
Let o = -41907 + 126267. What is the hundreds digit of o?
3
Suppose r - 4*c + 7 = 60, -2*c = 4. Suppose -12*s = -15*s + r. What is the tens digit of (-5)/(s/9)*390/(-18)?
6
Suppose 0 = -5*d - 12*c + 16*c + 5671, -3*c = d - 1157. What is the hundreds digit of d?
1
Let w = 4 + -2. Suppose -706 = -2*t + 5*h, w*t - 3*t = 2*h - 335. What is the hundreds digit of t?
3
Let m = -16975 - -24316. What is the hundreds digit of m?
3
Let t(z) = -z**2 - 8*z + 26. Let u(c) = c - 1. Let g(m) = t(m) - 4*u(m). Let k be g(-15). What is the tens digit of k*4/6*-4?
4
Suppose 5*g - k - 117 = 0, 5*k = -4*g + 41 + 41. Suppose -w - b = -3, -w + 4*w + g = 5*b. Let l(m) = 27*m**2 - 1. What is the tens digit of l(w)?
2
Let b(k) = -797*k**3 + 2*k**2 - 3*k + 2. Let y be b(1). Let h = 560 + y. What is the units digit of (6/(-8))/(1/h)?
7
Let y(v) = -2*v**2 - 10*v + 8. Let d be y(-5). Suppose 875 = d*q - 3*q. What is the hundreds digit of q?
1
Let r = -5803 - -24179. What is the thousands digit of r?
8
Let f = 37714 + -25925. What is the units digit of f?
9
Suppose 91 = -9*t - 53. Let j(c) = 6*c**2 + 12*c + 62. What is the thousands digit of j(t)?
1
Suppose -3*i + 3156 = -9*i. Let n = i - -861. What is the tens digit of n?
3
Suppose -412490 - 253080 = -95*p. What is the hundreds digit of p?
0
Let t be 10 - 1 - (-1 - -2). Suppose 3*u + 3*u = -44*u - 1200. What is the units digit of (159*t/u)/((-2)/4)?
6
Let p(v) = -865*v - 3346. What is the units digit of p(-28)?
4
Suppose -4*b + 231870 - 50474 = 4*p, -3*b = -3*p - 136071. What is the units digit of b?
3
Let i(x) = 364*x**2 - 120*x + 898. What is the hundreds digit of i(8)?
2
What is the ten thousands digit of (48278157/(-2653))/(6/(-14))?
4
Let g(t) = -t - 2. Let y(r) = 1. Let k(l) = -g(l) - 3*y(l). Suppose 84 = 5*p + 4*v, -v = 5*p + 2*v - 88. What is the units digit of k(p)?
9
Suppose -2*w + s = -63752, -159362 = -17*w + 12*w - 2*s. What is the hundreds digit of w?
8
Let i = 41 - 356. Let d = -46 - i. What is the hundreds digit of d?
2
Let f(h) = -77*h + 30. Let i be f(-12). What is the tens digit of (-1)/(2*(-1)/i)?
7
Let a(p) = 71*p**3 - 2*p**2 - p + 2. Let k be a(1). Suppose -1322 = -4*n - k. What is the tens digit of n?
1
Let m(l) = 8819*l + 873. Wh